of 351 and 54.
27
Calculate the highest common divisor of 76 and 1900.
76
Calculate the highest common factor of 228 and 76.
76
What is the greatest common divisor of 34 and 442?
34
What is the greatest common factor of 1107 and 246?
123
What is the greatest common divisor of 110 and 1034?
22
Calculate the greatest common factor of 15609 and 129.
129
Calculate the greatest common factor of 43 and 903.
43
What is the highest common factor of 106 and 27242?
106
Calculate the highest common factor of 1938 and 153.
51
Calculate the highest common divisor of 15 and 111.
3
What is the greatest common divisor of 44 and 616?
44
Calculate the greatest common factor of 6 and 22.
2
Calculate the greatest common factor of 329 and 6251.
329
Calculate the greatest common factor of 364 and 1066.
26
What is the greatest common factor of 30 and 5010?
30
Calculate the highest common factor of 7599 and 51.
51
What is the highest common factor of 7634 and 22?
22
What is the highest common divisor of 845 and 1859?
169
What is the greatest common factor of 198 and 44?
22
Calculate the greatest common factor of 214 and 62.
2
Calculate the highest common factor of 89 and 1.
1
What is the greatest common factor of 1450 and 40?
10
Calculate the highest common divisor of 988 and 304.
76
Calculate the greatest common factor of 122 and 1769.
61
What is the highest common factor of 259 and 14?
7
What is the highest common factor of 75 and 12450?
75
What is the greatest common divisor of 25250 and 250?
250
Calculate the highest common divisor of 36 and 108.
36
What is the greatest common factor of 1234 and 2?
2
What is the greatest common divisor of 70 and 3815?
35
What is the greatest common divisor of 1460 and 20?
20
What is the greatest common divisor of 1332 and 27?
9
Calculate the highest common divisor of 396 and 1848.
132
What is the highest common divisor of 72 and 99?
9
What is the highest common factor of 10 and 10?
10
What is the greatest common divisor of 1256 and 2?
2
Calculate the highest common factor of 16240 and 280.
280
Calculate the highest common factor of 494 and 52.
26
What is the greatest common divisor of 60 and 108?
12
What is the highest common divisor of 99 and 18?
9
What is the highest common factor of 40 and 56?
8
What is the highest common factor of 162 and 198?
18
Calculate the highest common factor of 45 and 320.
5
Calculate the highest common factor of 1680 and 40.
40
Calculate the greatest common divisor of 7 and 28.
7
Calculate the highest common divisor of 19 and 7.
1
What is the greatest common divisor of 310 and 25?
5
Calculate the highest common divisor of 605 and 55.
55
Calculate the greatest common factor of 363 and 2299.
121
What is the highest common divisor of 40 and 12620?
20
What is the greatest common divisor of 30 and 150?
30
What is the highest common divisor of 84 and 48?
12
What is the highest common factor of 66815 and 161?
161
What is the greatest common divisor of 3576 and 504?
24
What is the greatest common divisor of 11 and 33?
11
Calculate the greatest common divisor of 20 and 20.
20
What is the highest common divisor of 238 and 14?
14
What is the greatest common factor of 342 and 144?
18
Calculate the highest common factor of 12 and 237.
3
Calculate the greatest common factor of 737 and 11.
11
What is the highest common divisor of 3961 and 221?
17
What is the greatest common divisor of 1660 and 20?
20
What is the greatest common divisor of 7922 and 102?
34
Calculate the greatest common divisor of 24 and 632.
8
What is the greatest common factor of 95 and 608?
19
Calculate the greatest common factor of 279 and 248.
31
What is the highest common factor of 13 and 1950?
13
Calculate the greatest common factor of 20 and 68.
4
Calculate the greatest common factor of 16092 and 432.
108
Calculate the highest common factor of 5963 and 89.
89
Calculate the highest common factor of 63 and 15.
3
What is the highest common factor of 84 and 378?
42
What is the highest common divisor of 956 and 11233?
239
Calculate the greatest common divisor of 49 and 266.
7
Calculate the highest common divisor of 37 and 3.
1
Calculate the highest common factor of 390 and 6474.
78
What is the highest common factor of 70 and 210?
70
What is the greatest common factor of 105 and 1365?
105
Calculate the greatest common factor of 27 and 441.
9
Calculate the highest common factor of 12000 and 24.
24
Calculate the highest common divisor of 21 and 175.
7
Calculate the highest common factor of 6 and 1047.
3
Calculate the highest common factor of 2 and 195.
1
Calculate the greatest common divisor of 142 and 2272.
142
Calculate the highest common divisor of 37 and 6031.
37
Calculate the greatest common divisor of 22 and 12199.
11
What is the highest common divisor of 172 and 1247?
43
What is the highest common divisor of 52197 and 411?
411
Calculate the highest common divisor of 96 and 12.
12
What is the greatest common factor of 225 and 125?
25
What is the greatest common divisor of 1 and 7?
1
Calculate the highest common factor of 115 and 23.
23
What is the greatest common divisor of 11 and 99?
11
Calculate the greatest common factor of 60 and 360.
60
What is the highest common factor of 1265 and 2277?
253
What is the greatest common factor of 24 and 546?
6
Calculate the greatest common factor of 1274 and 147.
49
Calculate the highest common divisor of 10752 and 21.
21
Calculate the highest common factor of 43 and 2752.
43
Calculate the greatest common divisor of 589 and 19.
19
What is the highest common divisor of 20 and 470?
10
What is the highest common factor of 5610 and 60?
30
Calculate the greatest common factor of 284 and 68.
4
What is the greatest common divisor of 3 and 1437?
3
What is the highest common factor of 418 and 2052?
38
Calculate the highest common factor of 199 and 33631.
199
Calculate the greatest common factor of 40 and 30.
10
What is the highest common divisor of 104 and 2444?
52
What is the greatest common divisor of 46 and 368?
46
Calculate the greatest common factor of 22 and 66.
22
What is the greatest common divisor of 138 and 3243?
69
Calculate the highest common factor of 28 and 16.
4
Calculate the greatest common divisor of 12 and 2958.
6
What is the greatest common factor of 451 and 33?
11
Calculate the greatest common divisor of 24 and 40.
8
Calculate the highest common factor of 47 and 47.
47
What is the greatest common divisor of 234 and 143?
13
What is the greatest common divisor of 376 and 216?
8
What is the greatest common factor of 33 and 2926?
11
Calculate the greatest common factor of 16745 and 5.
5
Calculate the greatest common divisor of 15 and 2895.
15
Calculate the highest common divisor of 110 and 70.
10
Calculate the greatest common divisor of 91 and 312.
13
Calculate the highest common divisor of 651 and 13888.
217
Calculate the greatest common factor of 84 and 60.
12
Calculate the highest common divisor of 665 and 266.
133
Calculate the highest common factor of 42 and 186.
6
What is the greatest common factor of 46 and 69?
23
What is the highest common factor of 55 and 30?
5
Calculate the greatest common divisor of 3220 and 1540.
140
Calculate the highest common factor of 14 and 3374.
14
What is the highest common divisor of 48 and 10?
2
What is the greatest common divisor of 110 and 60?
10
Calculate the highest common divisor of 124 and 16.
4
Calculate the greatest common factor of 204 and 2108.
68
What is the greatest common divisor of 140 and 80?
20
Calculate the highest common factor of 989 and 23.
23
Calculate the highest common factor of 981 and 27795.
327
What is the greatest common divisor of 56 and 840?
56
Calculate the highest common factor of 16784 and 16.
16
Calculate the highest common divisor of 253 and 33.
11
Calculate the highest common divisor of 104 and 117.
13
Calculate the greatest common factor of 98 and 224.
14
What is the greatest common divisor of 585 and 117?
117
What is the highest common divisor of 109 and 40439?
109
What is the highest common divisor of 3611 and 69?
23
Calculate the highest common divisor of 296 and 488.
8
Calculate the highest common divisor of 1152 and 72.
72
Calculate the highest common divisor of 34 and 544.
34
Calculate the greatest common divisor of 6